o) = 824*o - 13185. What is z(16)?
-1
Let p(k) = 2018*k + 591682. Determine p(-293).
408
Let o(y) = 1686*y**2 - 23606*y + 16. Give o(14).
-12
Let o(f) = f**3 + 8*f**2 - 126*f + 50. Determine o(6).
-202
Let c(t) = 2612*t - 577268. Give c(221).
-16
Let q(z) = -4*z**3 - 51*z**2 + 216*z + 2. What is q(5)?
-693
Let k(p) = -5*p**2 + 5940*p - 41303. Calculate k(7).
32
Let z(d) = -8870*d + 2075596. Determine z(234).
16
Let i(x) = -6*x**3 - 103*x**2 - x + 108. Determine i(-17).
-164
Let k(h) = -h**3 + 3*h**2 + 238*h - 32. Give k(-12).
-728
Let f(c) = 197012*c - 2167128. Give f(11).
4
Let z(m) = -10*m**3 + 15*m**2 - 1917*m + 5656. Calculate z(3).
-230
Let o(y) = -46*y**2 + 5554*y + 226. Give o(121).
-1226
Let x(t) = 2*t**3 - 21*t**2 - 27*t + 482. Determine x(8).
-54
Let h(p) = 19*p**2 - 596*p - 4261. Calculate h(-6).
-1
Let f(i) = -i**2 + 653*i - 71053. What is f(138)?
17
Let f(k) = 25*k**2 + 327*k - 360. Calculate f(1).
-8
Let k(s) = -647*s - 16890. Calculate k(-28).
1226
Let h(t) = -1059*t + 9523. What is h(9)?
-8
Let n(f) = 153*f - 45160. Calculate n(309).
2117
Let w(v) = -665*v - 2778. What is w(0)?
-2778
Let u(t) = -447964*t - 1343950. Give u(-3).
-58
Let d(a) = -7*a**2 - 2440*a + 12224. Determine d(5).
-151
Let q(w) = -4*w**2 + 18*w + 6031. Determine q(41).
45
Let s(i) = -i**3 - 81*i**2 + 89*i - 37665. Determine s(-87).
6
Let q(m) = -116*m**2 + 947*m + 885. Determine q(9).
12
Let h(f) = -1075*f - 86856. What is h(-80)?
-856
Let z(b) = -b**3 - 6*b**2 + b + 53. Determine z(-7).
95
Let x(h) = -122*h**2 + 2393*h - 14. Calculate x(19).
1411
Let b(s) = 3*s**2 - 132*s + 939. Determine b(29).
-366
Let z(j) = 11997*j - 479955. Give z(40).
-75
Let w(n) = -n**3 + 12*n**2 - 317*n + 4857. Give w(14).
27
Let y(n) = n**3 + 36*n**2 - 95*n - 2183. What is y(-37)?
-37
Let y(z) = 379*z - 56272. Calculate y(148).
-180
Let h(p) = p**3 + 125*p**2 - 180*p - 6798. Calculate h(-126).
6
Let t(z) = -10685*z - 523627. Give t(-49).
-62
Let c(r) = 7*r**3 + 64*r**2 + 57*r + 6. Give c(-12).
-3558
Let c(m) = -31*m**2 - 89*m - 93. Give c(-11).
-2865
Let z(c) = 155*c - 441. What is z(6)?
489
Let g(y) = 2*y**3 + 20*y**2 - 65*y - 831. Calculate g(-8).
-55
Let p(j) = -j**3 - 8*j**2 - 1589*j - 16005. Give p(-10).
85
Let h(m) = -188007*m - 2444086. Give h(-13).
5
Let f(x) = 81*x - 25715. Determine f(316).
-119
Let n(r) = 348*r + 2694. Calculate n(-12).
-1482
Let i(d) = -8*d**2 + 884*d - 2063. What is i(108)?
97
Let d(a) = 2*a**3 - 61*a**2 - 34*a + 24. Determine d(31).
-69
Let a(g) = g**3 + 33*g**2 - 1333*g - 121. Determine a(23).
-1156
Let a(f) = 3*f**3 - 69*f**2 - 419*f + 9632. Determine a(23).
-5
Let o(z) = 473*z - 24256. Determine o(54).
1286
Let j(c) = 3*c**3 - 60*c**2 - 77*c - 77. What is j(23)?
2913
Let h(j) = 95211*j - 571295. What is h(6)?
-29
Let p(x) = 3*x**2 - 83*x + 171. Determine p(2).
17
Let q(r) = -8*r**2 - 1880*r - 3740. Calculate q(-2).
-12
Let d(x) = -x**2 + 48*x - 166. What is d(3)?
-31
Let y(t) = -13*t**2 - 1313*t + 1443. What is y(-102)?
117
Let n(s) = 120506*s + 6145811. Give n(-51).
5
Let l(r) = 494*r - 52854. Determine l(107).
4
Let f(q) = -22*q**3 - 52*q**2 + 135*q + 29. What is f(3)?
-628
Let p(f) = f**2 - 566*f - 2818. What is p(-5)?
37
Let n(j) = j**3 + 2*j**2 - 295*j - 698. Determine n(-17).
-18
Let g(t) = 40119*t - 481438. Calculate g(12).
-10
Let j(y) = 55*y**2 - 1850*y + 1850. What is j(1)?
55
Let v(l) = -1715*l + 2534. Determine v(1).
819
Let v(u) = -u**2 + 406*u + 272377. What is v(-357)?
-14
Let n(g) = -1684*g - 309917. Determine n(-184).
-61
Let z(o) = -2*o**3 - 150*o**2 - 2045*o + 258. Give z(-57).
-141
Let k(g) = -3*g**3 + 214*g**2 + 2360*g - 46. What is k(81)?
845
Let c(h) = -h**3 - 16*h**2 + 112*h - 135. What is c(4)?
-7
Let s(k) = -k**3 + 14*k**2 - 15*k - 464. Give s(11).
-266
Let s(z) = 10990*z - 384719. What is s(35)?
-69
Let p(o) = 4*o**3 - 272*o**2 - 3272*o + 222499. Determine p(68).
3
Let g(r) = -1482*r - 151116. Calculate g(-102).
48
Let w(m) = 4*m**3 + 103*m**2 + 108*m + 767. Give w(-25).
-58
Let p(u) = -u**3 - 68*u**2 + 886*u + 56321. Give p(-69).
-52
Let i(o) = -686*o + 1328. Calculate i(2).
-44
Let j(g) = -g**3 + 27*g**2 + 724*g + 21314. Give j(50).
14
Let p(c) = 3*c**3 + 3030*c**2 - 3056*c - 23250. Determine p(-1011).
3
Let y(z) = 9*z**3 + 2021*z**2 - 4047*z + 11. Determine y(2).
73
Let z(u) = 364*u**2 + 165982*u - 934. Determine z(-456).
-22
Let u(y) = y**2 - 141*y + 4910. Give u(61).
30
Let h(z) = -z**3 + 438*z**2 - 4698*z + 279. Determine h(427).
-148
Let a(o) = 338*o + 3645. What is a(-9)?
603
Let c(r) = -r**2 + 19*r + 7. Give c(-2).
-35
Let q(k) = -15*k**2 + 11*k - 19. What is q(5)?
-339
Let i(y) = y**2 + 4153*y - 129724. Calculate i(31).
-20
Let n(l) = -1031*l - 4631. Give n(-4).
-507
Let j(b) = -9522*b - 94611. Calculate j(-10).
609
Let k(f) = 3*f**2 - 224*f - 9. Determine k(-9).
2250
Let q(d) = 2*d**3 - 2444*d**2 - 9844*d + 44137. Calculate q(1226).
1
Let r(v) = 1966*v**2 + 27546*v + 309. Give r(-14).
1
Let h(b) = -b**3 + 22*b**2 - 434*b + 9467. What is h(22)?
-81
Let v(y) = -10*y**2 + 1028*y - 22567. Calculate v(71).
11
Let q(t) = -5*t**3 - 661*t**2 - 20244*t + 21. Calculate q(-84).
21
Let t(z) = -5*z**3 + 13*z**2 + 917*z + 1833. What is t(-2)?
91
Let d(w) = -3*w**3 - 3*w**2 + 96*w + 12. Give d(8).
-948
Let k(j) = -j**3 + 25*j**2 + 1484*j + 71. Give k(53).
71
Let l(y) = -211965*y + 211944. What is l(1)?
-21
Let n(i) = 2*i**3 - 115*i**2 - 2003*i - 15. What is n(-14)?
-1
Let s(c) = -6*c**3 + 46*c**2 - 57*c + 7. Calculate s(7).
-196
Let t(n) = n**3 - 176*n**2 + 2434*n + 236772. Give t(149).
11
Let q(h) = -5*h**2 + 598*h - 7707. Give q(105).
-42
Let t(l) = 1305*l**2 + 185310*l - 9. Calculate t(-142).
-9
Let o(y) = 2*y**3 + 9*y**2 - 37*y + 165. Give o(-8).
13
Let q(r) = r**3 + 17*r**2 - 569*r - 1836. Give q(-3).
-3
Let c(w) = -3*w**2 + 1331*w - 61067. What is c(52)?
33
Let c(a) = -11155*a + 55806. What is c(5)?
31
Let z(w) = -6*w**2 - 1036*w - 41. Calculate z(-173).
-387
Let v(h) = -28*h**2 - 6134*h - 339. Give v(-219).
99
Let o(d) = -4*d**2 + 61*d - 19. What is o(19)?
-304
Let p(k) = -k**2 - 71*k + 320. What is p(-81)?
-490
Let w(y) = y**2 + 93*y + 1248. Calculate w(-73).
-212
Let t(x) = -19*x**3 + 3736*x**2 - 2352*x + 15. Calculate t(196).
15
Let f(n) = 6*n**2 - 812*n - 168375. Determine f(-113).
-5
Let o(y) = -y**3 - 85*y**2 + 477*y + 38184. Determine o(-85).
-2361
Let h(a) = 424952*a + 5949332. Give h(-14).
4
Let h(k) = -6*k**3 + 227*k**2 + 20*k + 874. Determine h(38).
190
Let p(u) = -438*u - 127. What is p(-1)?
311
Let x(o) = 1129*o - 6770. Give x(6).
4
Let v(w) = w**2 - 40492*w - 486049. Determine v(-12).
-1
Let a(v) = v**2 - 112*v + 1542. Determine a(15).
87
Let m(b) = 7*b**2 - 210*b - 241. Give m(32).
207
Let c(x) = 138*x - 18865. Calculate c(137).
41
Let r(q) = -32376*q + 64740. Determine r(2).
-12
Let w(k) = 21410*k + 21937. Calculate w(-1).
527
Let w(c) = c**3 + 80*c**2 + 443*c - 275. What is w(-74)?
-201
Let o(q) = q**3 - 139*q**2 + 1398*q - 263. Determine o(128).
-1543
Let f(o) = 13389*o + 642649. Calculate f(-48).
-23
Let w(r) = 2788*r - 100367. Determine w(36).
1
Let r(t) = -23*t - 2444. Determine r(-57).
-1133
Let f(q) = -q**3 + 75*q**2 + 926*q - 55. What is f(-11)?
165
Let n(y) = y**3 - 397*y**2 + 1217*y - 13643. Give n(394).
147
Let r(f) = f**3 + 4*f**2 - 615*f + 1874. What is r(3)?
92
Let h(r) = -190069*r + 380139. Calculate h(2).
1
Let q(d) = -d**3 - 287*d**2 - 517*d + 15433. Give q(-285).
328
Let h(z) = -12365*z + 188. Determine h(0).
188
Let q(w) = -5*w**2 + 425*w + 254. Determine q(0).
254
Let d(c) = -4*c**2 - 401*c + 10776. Calculate d(-122).
162
Let d(y) = -45*y**2 + 809*y + 56. Give d(18).
38
Let r(d) = 191*d + 14923. Determine r(-78).
25
Let t(y) = y**2 + 8108*y + 8101. Determine t(-1).
-6
Let q(y) = 2*y**2 - 553*y - 9367. Determine q(-16).
-7
Let d(p) = -3580*p - 329347. What is d(-92)?
13
Let s(a) = 342*a + 910. What is s(-3)?
-116
Let t(j) = -19919*j + 79706. Determine t(4).
30
Let k(v) = -10278*v - 318650. What is k(-31)?
-32
Let u(y) = 114*y**2 + 633*y - 3. Determine u(-5).
-318
Let m(q) = 13014*q**2 - 338349*q - 412. Calculate m(26).
-22
Let d(z) = -11*z**3 - 6*z**2 + 104*z - 638. Give d(6).
-2606
Let o(z) = -z**3 + 62*z**2 - 167*z + 195. What is o(59)?
785
Let z(y) = 30*y**3 - 223*y**2 + 324*y